 of 38 and l.
19
Let i(d) = 6*d. Let c be i(7). Suppose 3*x + c - 144 = 0. Let z be 206/4 + (-2)/4. Calculate the highest common divisor of z and x.
17
Let w be (-1 - -1) + -1 - -3. Suppose -w*v + 16 = -0. Suppose -k - 3*s - 12 = -4, 2*k + 7 = -3*s. What is the greatest common factor of k and v?
1
Let o = -37 + 49. What is the highest common divisor of 132 and o?
12
Suppose m - 14 = 5. Calculate the highest common factor of m and 76.
19
Suppose 0 = 5*d - 2*d - 204. Let k be 10/45 + d/18. What is the highest common divisor of k and 16?
4
Let b = -14 + 9. Let a be b/(1 + -2 - 0). Suppose a*f - 18 = 2*f. Calculate the greatest common factor of 30 and f.
6
Suppose 4*z - 163 = -r, 5*z - 30 - 195 = 3*r. Calculate the greatest common divisor of z and 14.
14
Suppose 3*l = 10*l - 35. Let h = -33 + 48. Calculate the highest common factor of l and h.
5
Let k be (-4 + 1)/(60/(-28) - -2). Calculate the greatest common divisor of k and 189.
21
Let i = 506 + -314. Calculate the greatest common factor of i and 24.
24
Let p = -56 - -65. Calculate the greatest common factor of p and 63.
9
Let j(h) = 2*h**2 + 8*h + 3. Let p be j(-5). Let v = p + -5. What is the greatest common divisor of 2 and v?
2
Suppose -5*q = 2*n - 0*n + 6, 2*q + 2 = -n. Suppose 0 = -3*o - n*o + 240. Let w(x) = -15*x + 2. Let f be w(-2). What is the greatest common factor of f and o?
16
Let b = 12 - -24. What is the highest common factor of 18 and b?
18
Suppose -2*w = 8*w - 100. Calculate the highest common divisor of 50 and w.
10
Let o(l) = -16*l**3 - 1. Let a be o(-1). Let x(b) = -3*b - 3. Suppose -2*s + 6*s + 8 = 0. Let k be x(s). What is the highest common divisor of k and a?
3
Suppose 2*u = u + 25. Suppose 2*k - 13 = 7. What is the highest common factor of k and u?
5
Let j = 7 + -9. Suppose 6*p - 3*p = -39. Let m be p/(-2) + j/(-4). What is the greatest common divisor of m and 14?
7
Let l = 0 + 3. Let k be (l/6)/((-2)/(-12)). Let c = -67 + 73. Calculate the highest common divisor of k and c.
3
Suppose 0 = -4*c - 3*k + 148, -k + 14 = 2*c - 62. Let g = 2 + 6. What is the highest common factor of c and g?
8
Let s = 117 + -72. Calculate the highest common divisor of 15 and s.
15
Let m be -1 + (3 - (-4 - -1)). Let v(z) = 2 + 0 - 2*z**2 - z**3 + 13*z**2 - 7*z. Let y be v(m). Calculate the highest common divisor of 13 and y.
13
Suppose -2*c = -10 - 2. Suppose o - c - 5 = 0. Suppose u - 2*q + 101 = 2*u, 2*q = -3*u + 299. What is the highest common divisor of u and o?
11
Suppose -3*g = l - 50, 0 = -g + 5*g + 3*l - 70. Let z = g + -25. Let d = z - -19. What is the greatest common divisor of d and 15?
5
Let z be 9 - (3 + (-4 - -2)). Let c(q) = -q + 24. Suppose 2*r = r. Let b be c(r). What is the highest common divisor of z and b?
8
Suppose -5*u - 4*y + y - 56 = 0, -2*u - 26 = 3*y. Let m be (-126)/u - 16/(-40). What is the highest common factor of m and 39?
13
Let i(v) be the first derivative of v**3/3 - v**2/2 + v + 2. Let o be i(2). What is the greatest common divisor of 12 and o?
3
Let i(f) = f + 19. Let v be i(0). Suppose 3*u - v = 23. Calculate the highest common factor of 126 and u.
14
Let y be (3/2)/(2/8). Suppose 3*p = 4*p - 6. Calculate the greatest common divisor of y and p.
6
Let v = 54 - 44. Let g(q) = 3*q**2 + q. Let n be g(-2). What is the highest common divisor of v and n?
10
Let o = -1 - -7. Let j = -9 - -13. Suppose -101 = -2*a - 2*a + s, 68 = 2*a - j*s. Calculate the highest common factor of a and o.
6
Let f = -162 - -197. What is the highest common divisor of f and 70?
35
Let t be (-12)/8 - (-12)/8. Suppose 5*r + 2*o - 49 = t, -r = -0*o + 4*o - 17. What is the highest common factor of r and 36?
9
Let r(g) = g**3 + 8*g**2 - 8*g + 9. Let c be r(-9). Suppose c = s - 8 - 5. Calculate the greatest common factor of 104 and s.
13
Let m(f) = -f**3 - 7*f**2 + 4*f - 2. Let j be m(-8). What is the highest common divisor of 30 and j?
30
Suppose 36 = a + a. Let r be 25/3*a/10. What is the highest common divisor of 45 and r?
15
Let n be 2/((1 + -2)/(-3)). What is the greatest common divisor of n and 6?
6
Let p(m) = -m**2 + 13*m + 2. Let s be p(13). Calculate the greatest common divisor of s and 4.
2
Suppose 0 = z + z - 20. Let b be 66 + (4/2)/(-2). Suppose -5*m - 14 - 11 = 0, -3*o = -m - b. What is the greatest common factor of o and z?
10
Suppose -5*m - 6438 - 1502 = 0. Let y be (-3)/(-5) + m/(-20). Let w = 9 - -1. Calculate the greatest common factor of y and w.
10
Suppose -22 = -5*w + 3*f, 2*w - f = -2*f. What is the highest common divisor of w and 5?
1
Let y(w) = 18*w + 1. Let o be y(-1). Let p = -13 - o. What is the greatest common divisor of 28 and p?
4
Let j(g) = 3*g**2 + 3*g - g - g. Let d be j(2). Let c = -46 + 48. Calculate the greatest common divisor of d and c.
2
Let j = 4 + -5. Let w = j + 4. Let s(i) = 4*i**2 - i - 2. Let r be s(2). Calculate the greatest common factor of w and r.
3
Let w be (-2)/(-5) - 906/(-10). Let q = w + -221. Let n = 265 + q. Calculate the greatest common divisor of 15 and n.
15
Suppose -2*m = 3*m - 720. Calculate the greatest common divisor of 18 and m.
18
Suppose -5*x + 115 = -0*x. What is the greatest common factor of x and 23?
23
Let c(x) = x**3 + 8*x**2 + 7*x + 1. Let o be c(-7). Let k = 10 + o. Let v(h) = -4*h - 9. Let n be v(-5). Calculate the greatest common factor of k and n.
11
Let q = 183 - 128. Let w = 3 + -4. Let x = w + 6. What is the highest common factor of x and q?
5
Suppose 0*x + 2*x = 4. Suppose -2*y + 2 + x = 3*g, 23 = 5*y + g. Let w be (y/2 + -2)*2. Calculate the highest common divisor of w and 5.
1
Let x be ((-42)/70)/(2/(-150)). Calculate the greatest common divisor of 9 and x.
9
Suppose 0 = -3*v + 4*i + 301, -5*i - 203 = -5*v + 3*v. Calculate the highest common factor of 22 and v.
11
Let s be 2/(-7) - 69/(-21). What is the highest common factor of 15 and s?
3
Suppose 18 - 43 = -5*t. Suppose s = t*s + 96. Let f be (s/(-16))/((-1)/(-12)). What is the greatest common divisor of f and 36?
18
Let o(l) = -2*l**3 - 5*l**2 - 7*l - 7. Let a(k) = k**2 - 2*k - 1. Let f be a(3). Let m = -3 - f. Let h be o(m). What is the greatest common divisor of 17 and h?
17
Suppose x + x - 8 = 0. Suppose -2*d + 5*j = -19, -3*d - 3*j + 41 = 2*j. Let v = 16 + d. Calculate the highest common divisor of v and x.
4
Suppose -3*z = -2*h + 1 - 13, -20 = -5*z - 3*h. Suppose -3*b - 9 = 0, 5*g + 0*b - 618 = -z*b. Calculate the greatest common divisor of 14 and g.
14
Suppose 6*i - 2*i = 4*y + 68, 0 = 2*i + 3*y - 39. Suppose -b + 224 = -i. What is the greatest common divisor of 22 and b?
22
Suppose v + 4*m + 3 + 5 = 0, -10 = 2*v + 5*m. Let o be (-1 - v)/((-4)/8). Let i be 2*(-4 - -9)*1. What is the greatest common factor of i and o?
2
Let t = -49 - -94. Let j = -15 - -6. Let a be ((-50)/(-15))/((-6)/j). What is the highest common factor of t and a?
5
Let n(b) = b**3 - b**2 - 2*b - 3. Let v be n(5). Suppose -d + 4*d + 2*f = 258, d - v = -f. Calculate the greatest common divisor of d and 12.
12
Let b = -1 + 1. Suppose -5*v + b*v + 10 = 0. Let g be v/9 + 399/27. What is the greatest common divisor of 15 and g?
15
Let p = -4 - -74. Suppose -g = 4*g - p. What is the highest common factor of g and 56?
14
Let i = 22 + 20. What is the highest common divisor of 70 and i?
14
Let x be 224 + 0/((-16)/4). Calculate the highest common factor of 28 and x.
28
Suppose 2*k + 2*k = -8. Let u be -3 - -4*(51 - k). Calculate the greatest common divisor of 19 and u.
19
Let w(c) = c + 11. Let b be w(-6). What is the highest common divisor of b and 45?
5
Let n(w) = -w**2 - 2*w + 1. Let m be n(-2). Let x(t) = t + 13. Let j be x(0). Let z = j - m. What is the highest common divisor of z and 84?
12
Let p be (-13 + 4)/((-2)/4). Let h(d) = d**3 + d**2 + d + 216. Let i be h(0). Suppose i = 2*v + 2*v. What is the greatest common factor of v and p?
18
Suppose 14*d - 197 = -43. Calculate the greatest common factor of 77 and d.
11
Suppose -5*h = -5*g + 95, -7*h = -g - 2*h + 35. Calculate the greatest common factor of g and 6.
3
Let i(f) = 3*f**2 - f + 1. Let v be i(1). Suppose x = -v*r - r + 82, -2*x = -5*r + 96. What is the highest common divisor of r and 100?
20
Suppose 9*p - 154 = -5*p. What is the greatest common divisor of p and 176?
11
Let f(q) = -4*q - 18. Let x be f(-11). Let i = x - 8. Calcul